 4*z + 3*i, 0 = -5*z + 4*i + 642. Suppose 98*k - 101*k + z = 0. Calculate the greatest common factor of k and 6.
6
Let u be (-42)/3*7*(-12)/168. Let s(o) = 4*o**2 - 2 - 3*o**2 + 4 + 4*o. Let r be s(-5). Calculate the highest common divisor of r and u.
7
Let o = 24 - 45. Let h be (-7)/o + (-40)/(-6) + -2. Calculate the greatest common divisor of h and 55.
5
Let b(p) = -p**3 - 22*p**2 + 37*p + 66. Let l be b(-24). Calculate the highest common factor of 18 and l.
6
Suppose -8*r + 231 + 505 = 0. Let o be r/28 + 4/(-14). Suppose -o*d = d - 380. Calculate the greatest common divisor of d and 38.
19
Suppose -2*a = r - 90, 0*a - 3*r - 180 = -4*a. Calculate the greatest common divisor of 5 and a.
5
Let b(g) = g**3 + g**2 - 5*g - 7. Let w be b(3). Suppose 42*f = 43*f - w. What is the highest common factor of f and 98?
14
Let u be ((-512)/80)/16*-40. Suppose 0*k - 4*k + 832 = 0. Calculate the highest common divisor of u and k.
16
Let w(r) = -r**3 - 7*r**2 - 12*r - 29. Let g be w(-6). Let u(q) = q**3 - 3*q**2 - 21*q - 9. Let i be u(g). What is the greatest common divisor of i and 30?
10
Let g be (-2)/5*35/(-7). Let y be (-20)/(-3 - -1)*1. What is the highest common factor of y and g?
2
Let m be (25/10 + 4)*(1 + -19). Let j be (m/(-2))/(4/8 + 0). What is the greatest common factor of 26 and j?
13
Let m = -26 - -38. Let t be 16 - m/4 - 3. Calculate the greatest common divisor of t and 50.
10
Suppose -2*i - 14 + 38 = 0. What is the highest common factor of 372 and i?
12
Let x = -545 - -549. What is the greatest common divisor of x and 30?
2
Suppose 2 + 2 = 2*z, -5*c - 2*z = -124. Calculate the highest common factor of 72 and c.
24
Let w = -307 - -595. Calculate the greatest common factor of w and 54.
18
Let n(j) = -16*j - 4. Let c be n(-2). Let h = 6 + 19. Suppose -5*l - 2*f + 55 = -h, l = f + 9. What is the highest common divisor of c and l?
14
Let n be ((-7)/3)/((-196)/840). What is the greatest common factor of 160 and n?
10
Let a = -316 - -522. Let o = 311 - a. Let l be 0 + 4 + o + -1. What is the greatest common divisor of l and 12?
12
Let r(s) = 6*s**2 - 2. Let m be r(-1). Suppose 16 = 5*t + 5*q - m, 0 = t - q - 4. What is the highest common factor of t and 40?
4
Let t be 1/(-10) + (20 - (-23247)/70). Calculate the highest common divisor of t and 132.
44
Let x(f) = -f**3 - 26*f**2 - 24*f + 45. Let s be x(-25). Calculate the greatest common divisor of s and 180.
20
Suppose -9*m - 76 - 59 = 0. Let d be (0/(-2))/2 - -16. Let k = m + d. Calculate the greatest common divisor of 11 and k.
1
Let u(a) = a**2 - 29*a - 158. Let v be u(-5). Calculate the highest common divisor of 98 and v.
2
Let s be (-1)/(22/(-473)*(-2)/4). Let z = 66 + s. Let x be (-275)/(-3) - (-4)/12. Calculate the greatest common divisor of x and z.
23
Suppose -3*d + 5*d + 8 = 0, 0 = 3*y + 4*d + 112. Let r = y - -54. Calculate the greatest common factor of 66 and r.
22
Let f = 1535 + 1950. What is the greatest common divisor of 85 and f?
85
Let w(l) = l**3 - 2*l**2 + l. Let a be w(4). Calculate the greatest common divisor of 24 and a.
12
Let b(r) = r**3 + 6*r**2 + 3*r - 3. Let l be b(-5). Let n = -1920 + 1921. Calculate the highest common divisor of n and l.
1
Let t(r) = 2*r**3 - 9*r**2 - 31*r + 108. Let s be t(9). Calculate the greatest common factor of 310 and s.
62
Suppose -p + 3*p = 4*t - 198, t + 2*p - 37 = 0. Let x = t + 30. What is the greatest common divisor of 11 and x?
11
Let q = 1869 + -1857. What is the highest common factor of 200 and q?
4
Let z be (408/(-16))/((-1)/(-6)). Let p = z + 216. Let f be ((-220)/3)/((-21)/p). Calculate the highest common factor of f and 20.
20
Let a(b) = b**2 - 1. Let m(k) = 5*k**2 - 5*k - 18. Let n = 12 - 13. Let t(w) = n*m(w) + 6*a(w). Let q be t(6). What is the greatest common factor of 26 and q?
26
Let z(m) = 3*m + 2. Let y be z(2). Let k be (-12)/78 - (-41)/13. Let b be 135/20 - -1 - k/(-12). Calculate the highest common divisor of b and y.
8
Let l be 1 - (1 + 0 - 3). Let u be (-3 - 789)/l - 3. Let v = -162 - u. What is the highest common divisor of v and 42?
21
Suppose 2*f = -0*f - 4. Let r be 25/10 - f/(-4). Let y be 2*(4 + 25) - r. What is the highest common divisor of 14 and y?
14
Let r be (284/16 - -7) + (-9)/12. What is the greatest common factor of 384 and r?
24
Suppose 2*y = 3*a - 53, a - 3*a = -4*y - 38. Let l(k) = 3*k - 55. Let x be l(14). Let s = x + a. Calculate the highest common factor of s and 36.
4
Let s = 288 - 259. What is the highest common factor of 1 and s?
1
Let w(s) = -19*s + 2. Let f be w(-3). Let m = f + -41. What is the highest common divisor of 18 and m?
18
Suppose 131 = 5*m - 14. Suppose -3*g - 35 = -4*a + m, -a + 5*g + 16 = 0. Let c be 15 - 5 - (-2 + -4). Calculate the greatest common divisor of c and a.
16
Let r be (-88)/(-6)*(6 - (-105)/10). What is the highest common factor of r and 44?
22
Suppose 0 = 5*g - 5*t - 100, -g = -4*t - 5 - 30. Let q be 34/(((-6)/g)/((-16)/20)). What is the greatest common divisor of 170 and q?
34
Suppose 14*u - 9*u + 528 = 3*j, 4*u - 330 = -2*j. Calculate the highest common divisor of j and 19.
19
Suppose -64*i - 659 = -5*n - 65*i, -2*n - i + 263 = 0. What is the highest common factor of 42 and n?
6
Let n = 2 + -4. Let d(h) = 7*h**3 + 5*h. Let c(s) = 6*s**3 + 4*s. Let i(t) = n*d(t) + 3*c(t). Let u be i(2). Calculate the highest common divisor of 18 and u.
18
Let c = -235 + 255. Suppose 2*z + 25 = 3*t - 17, -t - 5*z = 3. Let k = -7 + t. Calculate the greatest common divisor of c and k.
5
Let y = 208 + -98. Calculate the greatest common factor of 22 and y.
22
Let o = -267 + 166. Let y = -3 - o. What is the greatest common divisor of y and 14?
14
Suppose 4*x = -0*x + 52. Let s(z) = 7*z**2 + 36*z + 13. Let i be s(-7). What is the greatest common factor of x and i?
13
Let h(w) = w**3 + 21*w**2 + 7. Let g be h(-21). Calculate the highest common factor of g and 112.
7
Let d = 309 + -294. Calculate the greatest common divisor of 135 and d.
15
Let f = -1 - -4. Let m = 1367 + -1361. What is the greatest common divisor of m and f?
3
Suppose -8*a + 5*a = -15. Suppose 2*j - a*j + 66 = 0. Calculate the highest common factor of j and 22.
22
Let l = 191 + -166. Calculate the highest common factor of l and 100.
25
Suppose -25*f - 45 = -70*f. Let y = 1 + 5. Let a be 6/(-4)*(-32)/y. What is the greatest common factor of a and f?
1
Let l(o) = 3*o**2 - 16*o + 28. Let u be l(8). Calculate the greatest common factor of u and 460.
92
Let n = 30 - -30. Let q(y) = y**3 - 14*y**2 + 15*y - 2. Let j be q(13). What is the highest common divisor of n and j?
12
Let u be (-18)/(-15)*(-20)/(-6). Suppose 5*n - 244 = 3*n. Suppose 11 = 4*q + 3*s - 116, -4*q - 2*s + n = 0. Calculate the highest common divisor of u and q.
4
Let u(p) = 3*p**2 + 6*p - 18. Let c be u(-15). What is the greatest common factor of c and 108?
27
Let u = 46 - 31. Let k = -20321 - -20336. What is the highest common divisor of k and u?
15
Let x = 3968 + -1341. Calculate the greatest common factor of 71 and x.
71
Let x = -241 - -243. What is the greatest common factor of x and 4?
2
Let j = 460 - -101. Suppose 3*c + j = 6*m - 3*m, -15 = -5*c. Let u be ((-30)/4)/((-19)/m). Calculate the greatest common factor of u and 30.
15
Suppose -s + 5 = -2. Let w = 15 - 26. Let k = w + 18. Calculate the greatest common divisor of s and k.
7
Let f be 8474/76 + (-2)/(-4). Suppose 0 = -4*h - 5*w + 177, 6*w = w - 15. What is the highest common divisor of f and h?
16
Suppose -60*r = -65*r + 725. What is the greatest common factor of 5 and r?
5
Suppose -4*h - 1 = -93. Suppose -17 = -2*c + 377. Let z = 56 + c. Calculate the highest common factor of h and z.
23
Let v(j) = j**2 + 2*j - 232. Let x be v(-17). What is the greatest common factor of x and 1472?
23
Let p(l) = 2*l - 12. Let w(g) = -2*g**2 + 6*g**2 - 22*g + 23*g - 5 - 3*g**2. Let s be w(-4). Let h be p(s). What is the greatest common factor of 3 and h?
1
Let u(z) = z**3 - 20*z**2 + 49*z - 91. Let w be u(18). Calculate the highest common factor of w and 77.
11
Suppose -5*p + 20 = 0, -5*f - 12*p = -11*p - 474. Suppose 12*w - 230 - f = 0. What is the greatest common divisor of 297 and w?
27
Let b = -7 - -9. Suppose 9 = b*j - 5*j. Let f be 1/(j - 80/(-26)). Calculate the highest common factor of f and 39.
13
Let x be